 = 19*w**2 - 2*w + 1. Let t be a(1). Let d be 520/9 - t/(-81). Let u = d - 31. What are the prime factors of u?
3
Suppose -2*a = 4*n, 2*n = 3*n - 4*a + 18. Let d(w) = 2*w**3 - 3*w - 2. Let v be d(n). Let u = v - -17. What are the prime factors of u?
5
Let g(q) be the third derivative of 13*q**5/60 + q**4/8 - q**3/6 + 42*q**2. What are the prime factors of g(-3)?
107
Suppose -4*z + 1408 = -2*m, -5*z + 1760 = -85*m + 89*m. List the prime factors of z.
2, 11
What are the prime factors of 641726/938 + (-2)/14 + 0?
2, 3, 19
List the prime factors of 4458/2 + -120 + 111.
2, 3, 5, 37
Let u(c) = 10*c + 22. Let m be u(-7). Let b = 91 + m. What are the prime factors of b?
43
Suppose -4*r - 5 = 5*t + r, 3 = -3*t - 5*r. Let v(l) = -6*l. Let q be v(t). Suppose -3*s + q = -2*s. What are the prime factors of s?
2, 3
Let o = 263 - 187. Let v(b) = b**3 - 3*b**2 + b - 1. Let y be v(3). Suppose 2*k = -y*k + o. List the prime factors of k.
19
Suppose -2 = -3*v - 5*x, 2*v - 5*v - 4 = -x. List the prime factors of ((-70)/(-30))/(v/(-3)).
7
Let u be -3 + 1/(1 - (-2)/(-3)). List the prime factors of 248/4 - 3 - u/(-1).
59
Let l(r) = 3*r + 23. Let o be l(8). Let t = 160 - o. What are the prime factors of t?
113
Suppose 1 = 4*m - 7, 2*r - m = 1772. What are the prime factors of r?
887
Let n be (-1)/(2*2/(-12)). Let z(o) = -o**n - o + 4 - 4*o - 3 - 3*o**2 + 7*o. List the prime factors of z(-5).
41
Let n be 13/3 - 4/(-6). Suppose 0 = -n*c + 3*l + 16, -2*l = -c + 2*c - 11. Suppose 0*j = c*j - 5*g - 95, -4*j + 75 = -3*g. List the prime factors of j.
2, 3
Suppose -5*t + 55 = d, -t + 2*t - 1 = 0. Suppose -44*r + d = -39*r. What are the prime factors of r?
2, 5
Suppose -612 = 14*g - 7710. What are the prime factors of g?
3, 13
Let l(m) = 2*m**2 - 31*m + 6. What are the prime factors of l(22)?
2, 73
Suppose 18*l = 15*l + 1155. List the prime factors of l.
5, 7, 11
Suppose 2*n + 45 - 113 = 0. Let h = n + -21. Suppose w - h - 12 = 0. What are the prime factors of w?
5
Suppose 8*y = -6*y - 28. List the prime factors of -3*2*y/(-4) + 117.
2, 3, 19
Let d = 322 - -143. What are the prime factors of d?
3, 5, 31
Let c(a) = a**2 + 6*a. Let u be c(-4). Let f = u - -14. Suppose 2*l - 34 = -2*q, -f*q = -q + 2*l - 82. What are the prime factors of q?
2
Let n = 7 + 15. Let b = n - -9. What are the prime factors of b?
31
List the prime factors of (-2 + 2/2)*(-27922)/46.
607
Let t = 10 + -13. Let g(c) = c**3 + 2*c**2 + 2*c. Let k be g(t). Let y = 25 + k. List the prime factors of y.
2, 5
Let s(l) = 7*l**3 + l**2 - l - 1. Let h = 0 - -1. What are the prime factors of s(h)?
2, 3
Let d = 2 + 1. Let i = 33 + -30. Suppose -3*x = -u - d*u + 37, u = i*x + 7. What are the prime factors of u?
2, 5
Suppose 2*m - 10 = 5*g - 3*m, -5*g = -2*m + 16. Let b be 13*(2 + (-4 - g)). Suppose 2*d = 4*l - b - 4, -4*d - 20 = 0. What are the prime factors of l?
5
Let m be 2/(-3) - (-196)/6. Let k = m - 1. What are the prime factors of k?
31
Let z = 6 + -12. Let p(n) = -10*n - 2. Let d be p(z). Suppose 5*c - 70 = -2*x, -5*c + 3*c + d = 2*x. List the prime factors of x.
5
Let h(b) = -b**2 + 14*b + 4. Let l be h(14). Let d(u) = 9*u - 14. What are the prime factors of d(l)?
2, 11
Suppose 0*f - 5*o = -2*f - 43, -3*o + 45 = -2*f. Let b = 54 + f. What are the prime factors of b?
2, 3, 5
Let v(s) be the third derivative of s**4/24 + 3*s**3/2 + 5*s**2. Let p be v(-8). What are the prime factors of (-1 + 0)/(p/(-11))?
11
What are the prime factors of (-21 + 27)*(-1061)/(-2)?
3, 1061
Let l be -1*73/(-1) + -4. Let s(z) = -l*z + 12 + 75*z + 4. What are the prime factors of s(5)?
2, 23
Let l(x) = -5*x + 8*x**2 - 7 - 1 - 2 - 2*x**3 + x**3. Let n be l(7). Suppose n*a + 82 = w - a, 4*a - 64 = -w. List the prime factors of w.
2, 3
Let s = -43 - -36. Let x = -3 - s. What are the prime factors of 2 - x - -1 - -60?
59
Let w = -1293 + 2354. What are the prime factors of w?
1061
Let w = -15 + 25. Let m = w - 8. Suppose s = 3*q - m*q + 17, -15 = 3*q. List the prime factors of s.
2, 3
Suppose 7*y - 4 = 6*y. Suppose 0 = -y*w + w - 6. What are the prime factors of (9/(-2))/(1/w)?
3
Let d = 386 - 301. What are the prime factors of d?
5, 17
Suppose -5 = 5*t, -9*t + 4*t - 175 = -5*o. What are the prime factors of o?
2, 17
Let y = 194 - -345. What are the prime factors of y?
7, 11
Let i = -18 + 62. Let n = 79 - i. List the prime factors of n.
5, 7
List the prime factors of (2/(-4))/((-11)/8822).
401
Let q be 46/(-8) - 5/20. Let y(m) = -m**2 - 6*m + 1. Let h be y(q). Suppose v - 2 - h = 0. What are the prime factors of v?
3
Let j be 0*(4/28)/(2/7). Suppose j*k = -6*k + 324. What are the prime factors of k?
2, 3
Let f be 0 - -3 - ((-16)/(-4) + -1). Suppose -19*c + 24*c - 935 = f. List the prime factors of c.
11, 17
Suppose 3*k = -5*i - 95, -4*i = -2*i - 4*k + 64. What are the prime factors of i/(-77) + (-201)/(-7)?
29
Let x = -23 - -21. List the prime factors of (-3348)/(-30) + x/(-5).
2, 7
Let o = -194 + 272. What are the prime factors of o?
2, 3, 13
Let l be 3 + -6 + (2 - -41). Suppose -7*m + 2*m + l = b, -4*m = 2*b - 104. Let c = b - -2. List the prime factors of c.
2, 31
Let x(b) = -b**2 + 16*b - 26. Let u be x(14). Suppose 0 = -3*t - 3*l + 195, -u*l + 0*l = -5*t + 346. What are the prime factors of t?
2, 17
Let i(k) = 33*k + 10. Let z be i(6). Let j = -60 + z. What are the prime factors of j?
2, 37
Let n = 1096 + -635. Let f = n - 269. What are the prime factors of f?
2, 3
Let u be -3*(-1)/(-1) + 3. Suppose u*y = -y - 1. List the prime factors of 476/21 - y/3.
23
Let q = -75 + 80. Suppose -m - q*r = -115, 3*r + 526 = 4*m + r. List the prime factors of m.
2, 5, 13
Suppose 5*r = -25, 5*a + 4*r = 7*a - 3646. What are the prime factors of a?
7, 37
Let i(l) = l**2 + 13*l + 11. Let u be i(-12). Let q be u/(-3)*(-21 + -12). Let k = q + 16. List the prime factors of k.
5
Let g = -35 - -48. Suppose -r = -43 + g. List the prime factors of r.
2, 3, 5
Suppose 7*l - 2*l = -10. Let p(c) = c**2. What are the prime factors of p(l)?
2
Let p(o) = -698*o - 372. List the prime factors of p(-3).
2, 3, 7, 41
Suppose 0 = 8*b + 3*b + 440. Let p = b - -102. What are the prime factors of p?
2, 31
Let j be ((-1)/4)/((-4)/16). List the prime factors of j/4*-2*-140.
2, 5, 7
Let w(x) = 8*x**2 + 38*x + 5 - 19*x - x**3 - 10*x. List the prime factors of w(9).
5
Let i(q) = -18*q - 10. Let h(o) = -o. Let z(k) = -5*h(k) - i(k). What are the prime factors of z(3)?
79
What are the prime factors of (-1523)/(-2 + 1 - 0/7)?
1523
Let p be 3*-2*13/(-6). Let h = p + -10. Suppose 12 - 33 = -h*u. List the prime factors of u.
7
Let p = -30 + 32. Suppose 5*i - 135 = -5*r, p*r = i + 58 - 1. What are the prime factors of r?
2, 7
Let d be 3 + (12/(-10))/((-18)/45). List the prime factors of (3 - d)/3 + 69/1.
2, 17
Let a = 14 + -50. Let j be (4 - (-40)/(-12))*-3. List the prime factors of j/9 + (-80)/a.
2
Let s = 25 - -10. What are the prime factors of (328/10)/(14/s)?
2, 41
Suppose -h = -0*h + 5. Let v = 9 + h. Suppose -30 = -c + v*s - 8*s, 4*s - 8 = 0. What are the prime factors of c?
2, 11
Let y be (3 + 0)*(-3 + 4). Suppose 5*i + 6 = -2*x + 51, 2*i - 40 = -y*x. Suppose -5*u - x = -2*c, -c + 2*u - 7*u + 20 = 0. List the prime factors of c.
2, 5
Let d = 79 - 3. What are the prime factors of d - ((-12)/(-1))/(-3)?
2, 5
Let b be (-12)/(-30) - (-354)/15. Suppose -3*g + b = t + 2*t, 0 = -5*g + 25. What are the prime factors of t?
3
Let c = 16 + -7. Suppose u - c = 18. Suppose 2*b - u = 17. What are the prime factors of b?
2, 11
Let w = 395 + 86. List the prime factors of w.
13, 37
Let j(d) = -d**3 + 39*d**2 + 17*d + 142. What are the prime factors of j(36)?
2, 11, 211
Suppose 11*l - 2*l = -9. Let o be 2/(-3)*(-7 - -1). Let z = o + l. What are the prime factors of z?
3
Let n be 8 - (1/2)/((-5)/10). Suppose -q - 464 = -4*z, 2*z - 4*q + n - 241 = 0. List the prime factors of z.
2, 29
Let a = 16 - 12. Suppose 2*p = -a*w - p + 100, -3*w - p + 80 = 0. What are the prime factors of w?
2, 7
Let w(m) = 86*m + 16. Let s be ((-2)/3)/((-22)/363). Let d(v) = -17*v - 3. Let h(a) = s*d(a) + 2*w(a). What are the prime factors of h(-2)?
29
Suppose -3*n - 6 = a - 0*n, -5*n = 5*a. Let s(h) = h**3 + h**2 - 2. Let i(w) = 3*w**3 + 3*w - 2. Let y(t) = i(t) - 2*s(t). What are the prime factors of y(a)?
2, 5
Let j be 